37, 1021
What are the prime factors of 10098682?
2, 11, 459031
List the prime factors of 270254.
2, 163, 829
List the prime factors of 87811.
87811
What are the prime factors of 15996585?
3, 5, 11, 67, 1447
List the prime factors of 528030.
2, 3, 5, 5867
List the prime factors of 193064.
2, 24133
List the prime factors of 220927.
7, 37, 853
List the prime factors of 4159434.
2, 3, 163, 4253
List the prime factors of 51632.
2, 7, 461
List the prime factors of 621612.
2, 3, 31, 557
List the prime factors of 907839.
3, 19, 5309
What are the prime factors of 7130823?
3, 7, 179, 271
What are the prime factors of 450761?
450761
List the prime factors of 57545.
5, 17, 677
List the prime factors of 692188.
2, 7, 59, 419
List the prime factors of 49544.
2, 11, 563
List the prime factors of 2281377.
3, 7, 108637
List the prime factors of 7229982.
2, 3, 103, 11699
List the prime factors of 3342045.
3, 5, 7, 4547
What are the prime factors of 4470392?
2, 353, 1583
List the prime factors of 592236.
2, 3, 16451
List the prime factors of 2246973.
3, 31, 37, 653
List the prime factors of 1927915.
5, 11, 35053
What are the prime factors of 14406562?
2, 29, 248389
List the prime factors of 2072629.
13, 31, 37, 139
What are the prime factors of 123961?
113, 1097
What are the prime factors of 753521?
19, 39659
List the prime factors of 257291.
457, 563
What are the prime factors of 591123?
3, 13, 23, 659
What are the prime factors of 18581440?
2, 5, 58067
What are the prime factors of 1147864?
2, 143483
What are the prime factors of 174534?
2, 3, 19, 1531
What are the prime factors of 2875693?
463, 6211
What are the prime factors of 20275?
5, 811
List the prime factors of 302505.
3, 5, 7, 43, 67
List the prime factors of 254983.
17, 53, 283
What are the prime factors of 14173461?
3, 17, 47, 73
List the prime factors of 4139133.
3, 607, 2273
What are the prime factors of 300482?
2, 7, 13, 127
List the prime factors of 2798027.
1039, 2693
What are the prime factors of 396409?
13, 30493
What are the prime factors of 25637601?
3, 11, 70627
List the prime factors of 1360850.
2, 5, 17, 1601
What are the prime factors of 17135211?
3, 71, 80447
What are the prime factors of 294947?
294947
What are the prime factors of 14683951?
1433, 10247
What are the prime factors of 147936?
2, 3, 23, 67
What are the prime factors of 27448570?
2, 5, 59, 46523
What are the prime factors of 532903?
7, 76129
What are the prime factors of 4302104?
2, 23, 103, 227
What are the prime factors of 13344513?
3, 7, 13, 6983
What are the prime factors of 2627479?
2627479
List the prime factors of 3423931.
7, 489133
List the prime factors of 205568.
2, 11, 73
List the prime factors of 18268899.
3, 11, 19, 29137
List the prime factors of 1161463.
1161463
What are the prime factors of 324650?
2, 5, 43, 151
List the prime factors of 28310529.
3, 13, 743, 977
What are the prime factors of 5110025?
5, 23, 8887
What are the prime factors of 418600?
2, 5, 7, 13, 23
What are the prime factors of 180222?
2, 3, 7, 613
List the prime factors of 2796411.
3, 73, 113
List the prime factors of 1348105.
5, 11, 127, 193
List the prime factors of 302959.
302959
List the prime factors of 74307.
3, 17, 31, 47
List the prime factors of 20529757.
2203, 9319
What are the prime factors of 13996293?
3, 19, 41, 53, 113
List the prime factors of 5485552.
2, 342847
List the prime factors of 74473.
7, 10639
List the prime factors of 453053.
453053
List the prime factors of 863766.
2, 3, 47, 1021
List the prime factors of 203149.
53, 3833
What are the prime factors of 66957?
3, 11, 2029
List the prime factors of 873541.
873541
What are the prime factors of 2341907?
2341907
List the prime factors of 589982.
2, 294991
List the prime factors of 3069298.
2, 19, 37, 59
What are the prime factors of 7828407?
3, 127, 761
What are the prime factors of 2257347?
3, 752449
List the prime factors of 311936.
2, 2437
What are the prime factors of 3852324?
2, 3, 7, 15287
List the prime factors of 2340838.
2, 19, 229, 269
List the prime factors of 213074.
2, 106537
What are the prime factors of 895697?
11, 107, 761
What are the prime factors of 437914?
2, 347, 631
List the prime factors of 235419.
3, 97, 809
What are the prime factors of 14485?
5, 2897
List the prime factors of 159686.
2, 79843
List the prime factors of 1925183.
13, 148091
List the prime factors of 526283.
526283
What are the prime factors of 3360078?
2, 3, 186671
List the prime factors of 28141449.
3, 7, 1340069
What are the prime factors of 624862?
2, 7, 44633
What are the prime factors of 268477?
11, 24407
What are the prime factors of 12835664?
2, 71, 11299
List the prime factors of 527053.
527053
What are the prime factors of 209654?
2, 104827
What are the prime factors of 211806?
2, 3, 7, 41
List the prime factors of 329697.
3, 12211
What are the prime factors of 259521?
3, 19, 29, 157
List the prime factors of 731823.
3, 19, 37, 347
What are the prime factors of 2836642?
2, 37, 38333
What are the prime factors of 2305455?
3, 5, 17, 9041
List the prime factors of 252229.
17, 37, 401
What are the prime factors of 18241024?
2, 23, 1549
What are the prime factors of 509123?
509123
What are the prime factors of 405587?
7, 13, 4457
What are the prime factors of 22859?
22859
List the prime factors of 5062009.
271, 18679
What are the prime factors of 521699?
31, 16829
What are the prime factors of 3060664?
2, 382583
What are the prime factors of 13349384?
2, 23, 72551
What are the prime factors of 6012028?
2, 11, 139, 983
List the prime factors of 11047907.
13, 849839
List the prime factors of 819649.
149, 5501
List the prime factors of 3630383.
463, 7841
List the prime factors of 657593.
23, 28591
List the prime factors of 76011.
3, 13, 1949
What are the prime factors of 232155?
3, 5, 7, 11, 67
What are the prime factors of 819805?
5, 7, 59, 397
List the prime factors of 770180.
2, 5, 97, 397
What are the prime factors of 397177?
11, 36107
What are the prime factors of 20411825?
5, 7, 116639
List the prime factors of 3394364.
2, 848591
List the prime factors of 283963.
443, 641
List the prime factors of 1083630.
2, 3, 5, 41, 881
What are the prime factors of 408482?
2, 167, 1223
List the prime factors of 837756.
2, 3, 7757
What are the prime factors of 4477774?
2, 7, 29, 41, 269
What are the prime factors of 9439923?
3, 179, 17579
List the prime factors of 23771749.
59, 6829
List the prime factors of 7905413.
197, 40129
What are the prime factors of 1151084?
2, 11, 26161
List the prime factors of 10221310.
2, 5, 11, 92921
What are the prime factors of 29212728?
2, 3, 19, 64063
List the prime factors of 109443.
3, 191
List the prime factors of 5689139.
5689139
List the prime factors of 503568.
2, 3, 13, 269
List the prime factors of 811683.
3, 90187
What are the prime factors of 355570?
2, 5, 31, 37
What are the prime factors of 193275?
3, 5, 859
What are the prime factors of 16447436?
2, 4111859
List the prime factors of 264742.
2, 132371
List the prime factors of 18174427.
83, 218969
What are the prime factors of 241629?
3, 239, 337
List the prime factors of 2026229.
2026229
What are the prime factors of 734942?
2, 13, 23, 1229
List the prime factors of 1108144.
2, 69259
List the prime factors of 2694225.
3, 5, 35923
List the prime factors of 7313112.
2, 3, 33857
What are the prime factors of 10466865?
3, 5, 232597
What are the prime factors of 770384?
2, 89, 541
List the prime factors of 2442219.
3, 13, 4817
What are the prime factors of 477010?
2, 5, 47701
What are the prime factors of 174774?
2, 3, 29129
What are the prime factors of 892225?
5, 89, 401
List the prime factors of 11860.
2, 5, 593
What are the prime factors of 717713?
43, 16691
List the prime factors of 9607300.
2, 5, 191, 503
List the prime factors of 472139.
472139
What are the prime factors of 859941?
3, 95549
List the prime factors of 10033355.
5, 2006671
List the prime factors of 1624152.
2, 3, 31, 37, 59
List the prime factors of 311124.
2, 3, 11, 2357
What are the prime factors of 2721699?
3, 302411
List the prime factors of 2595373.
11, 17, 13879
List the prime factors of 464180.
2, 5, 23209
What are the prime factors of 1922235?
3, 5, 7, 18307
What are the prime factors of 215967?
3, 193, 373
Wh